 prime number?
False
Let w = 80 - -223. Suppose 3*o - 1318 = 2327. Suppose 4*d = s + o + 15, d = -2*s + w. Is d composite?
False
Suppose -29 = -3*x + 4*s, 0 = -x - 4*x - 2*s + 5. Suppose -59*w + 485 = 70*w + 98. Suppose -2*y - 1541 = -x*i, -5*i - w*y + 3599 = 999. Is i composite?
True
Suppose 5*k + 852 = 27. Let n be 126/(-36)*(-1240)/14. Let t = k + n. Is t composite?
True
Let m(l) = -65*l**2 + 11*l. Let t(d) = 32*d**2 - 5*d. Let a(h) = -3*m(h) - 7*t(h). Let s be a(4). Let r = -219 - s. Is r composite?
True
Let m(x) = 50*x**2 + 123*x + 33. Is m(17) a composite number?
True
Let p(i) = i**3 - 8*i**2 - 13*i + 13. Let v be p(9). Let s = v - -19. Is s*1409*10/(-40) a composite number?
False
Suppose 10*o - 12*o = -16. Let n(k) = -k**2 + 18*k - 24. Let h be n(o). Let l = -5 + h. Is l composite?
True
Let u(m) = -10*m - 78. Let t be u(-8). Suppose t*s - 24*s = -56958. Is s a prime number?
False
Suppose 6398 = 3*h - 7*b, -h - 13*b + 9*b = -2158. Let x(c) = -c**3 - 5*c**2 + 4*c - 7. Let z be x(-6). Suppose z*u - h = 1063. Is u a composite number?
False
Suppose -2828 = -3*o - i + 688, 2*o + 3*i - 2337 = 0. Let n = -436 + o. Is n a prime number?
False
Suppose -k - 3*g = 110, -4*g = -8*k + 9*k + 114. Is 42/k + 12890/7 a composite number?
True
Let j be (10/15)/(4/(-150)). Let h = -9 - j. Is 11*(h - (-1 - -4)) a prime number?
False
Suppose 2*c = -3*t + 6511, 2*c - 10381 = 4*t - 3835. Is c a composite number?
True
Let m = 78327 + -14672. Let x = -29888 + m. Is x composite?
False
Let x = -252 + 2877. Let b = x - -2110. Is b a prime number?
False
Is (18262/4)/((-2)/6 - (-15)/18) composite?
True
Suppose 21*o - 25*o = 12. Let w be (2661/4)/(o/(-16)). Suppose 5*r - r - w = 0. Is r prime?
True
Let p = -237189 + 401206. Is p a prime number?
False
Is (-113)/226*0/(2/1) + 86267 prime?
False
Suppose -5*l = -5*j - 315, l = -4*l - 20. Let c = -24 - j. Suppose 0 = 3*x - 56 - c. Is x a composite number?
True
Let c = -224 - -224. Suppose -2*s - 4*u - 8186 + 27416 = c, 3*u - 3 = 0. Is s prime?
True
Is (-19)/((-2565)/(-54)) - 2037607/(-5) a prime number?
True
Let v be (30/4)/5*68/6. Let p(d) = d**3 - 14*d**2 - 8*d - 58. Is p(v) prime?
True
Let b(w) = -2450*w + 73. Is b(-8) a composite number?
True
Let m be ((-228)/(-14))/1 + (-8)/28. Suppose 0 = -4*i + m, 0 = -2*z - i - i + 44. Let g(b) = 38*b - 35. Is g(z) a composite number?
True
Let w be (-1941*2/24)/((-1)/8). Let i = 3807 - w. Is i composite?
True
Let o(a) = -3*a**3 - 50*a**2 - 72*a + 45. Is o(-38) a composite number?
True
Let g = 17376 + 18875. Is g composite?
False
Let t = 32 + -30. Suppose 42 = 4*f + t*f. Suppose -11*i + f*i + 6772 = 0. Is i prime?
True
Let s = 61 + -59. Suppose s*y - 3*p + 182 - 828 = 0, -2*p - 969 = -3*y. Let z = -60 + y. Is z prime?
True
Suppose -726 = 5*n + 4*g, -5*n - 2*g + 86 = 804. Let k = -111 - n. Is k a prime number?
True
Let o(u) be the third derivative of 271*u**4/6 - 31*u**3/6 + 6*u**2 + 16. Is o(3) a composite number?
False
Let i be 1*2*(-38 + 50). Suppose 16735 + 43481 = i*a. Is a prime?
False
Let c = 20 - 6. Suppose -58*z + 477 = 3*m - 55*z, -5*m + z + 831 = 0. Suppose 3*u + 110 = 2*r, -c*r + 17*r + 5*u - m = 0. Is r prime?
False
Suppose -m + 0*m = -3*b + 21399, 42843 = -2*m - 3*b. Let u = m + 12601. Is u/(-6) - (-3)/18 a prime number?
False
Suppose 4*w = -3*i + 844527, -2*i + 5*w + 252083 = -310935. Is i prime?
True
Let j(b) = -b**3 - 25*b**2 + 16*b - 35. Let o be j(-26). Suppose o = -9*l + 1404. Is l a prime number?
True
Let m(z) be the second derivative of -39*z**4 + 7*z**3/6 + 12*z**2 + 24*z. Let y(j) be the first derivative of m(j). Is y(-6) a prime number?
True
Let l = 6 + -2. Let k be (-36)/(-120) + 41576/80. Suppose l*s - k = 3*j, 3*s + 2*j - 407 = -0*s. Is s composite?
True
Suppose 1758705 = -5*v + 34*v. Suppose 9*t + v - 170490 = 0. Is t a prime number?
False
Suppose 3*c = -49 + 67. Suppose -c*d + 3*d + 2*k = -8536, 3*d = k + 8537. Is d prime?
False
Let p be (-4)/(-8)*(-4)/6*-213. Suppose 11*j + p = 12*j. Is j composite?
False
Let q(j) = -j**3 + 4*j**2 + 10*j - 9. Let z be q(3). Suppose -28*b = -z*b + 5*t + 3032, -6 = 3*t. Is b composite?
False
Let c = 26 - 22. Suppose c*k + 36 - 28 = 0. Is (-4)/(-10) + ((-1692)/10)/k a prime number?
False
Let a = 421157 + 164052. Is a a prime number?
False
Let f(a) = -2*a**3 - 8*a**2 - 10*a + 1. Let m(g) = -g**2 + 4*g + 12. Let o be m(5). Let v be ((-36)/(-42))/((-1)/o). Is f(v) composite?
True
Let o(i) = 8*i**3 + 2*i**2 + 5*i - 4. Let l be o(-4). Let c = 705 - l. Suppose 3*r = 6*r - c. Is r a prime number?
False
Let l(q) = 5339*q**3 + 4*q**2 - q - 7. Is l(5) a composite number?
False
Is ((-28)/(-35))/2 + (-1160307)/(-45) - -6 composite?
True
Let u(i) = -44*i - 95 + 12*i + 93 - 318 - 47*i. Is u(-9) a prime number?
False
Let c(u) = u**2 + 7*u + 9. Let h be c(-4). Let i be 3 + -1 + 4 + h. Suppose 3*a + 0*a + 2*r = 743, i*r = -a + 236. Is a a prime number?
True
Suppose -51*j + 54 = -50*j. Suppose 0 = -4*z + 7*z + j. Is ((-2338)/(-6))/(5 + 84/z) prime?
False
Let d(t) = 39*t**2 - 13*t - 9. Suppose 8*l - 3*l = 105. Let h be 9/(-6) - l/6. Is d(h) composite?
False
Suppose -13092 = -g + 5*p, 0 = 7*g - 6*g + p - 13116. Suppose -43*o + g = -35*o. Is o a prime number?
False
Suppose b - 2*b + 1 = -2*s, 3*s - 2*b = -2. Suppose -4*m - 5*v + 4489 + 1047 = s, v + 4133 = 3*m. Is m composite?
True
Suppose 48*i - 51*i - 2*b + 174359 = 0, 5*i - 290577 = 2*b. Is i a composite number?
True
Let n(h) = -319568*h**3 - 3*h**2 - 2*h + 3. Let t be n(1). Is 8/36 - t/90 prime?
False
Let i(o) = -111*o**3 - 8*o + 31. Let t be i(-10). Suppose -218996 - t = -29*h. Is h a composite number?
False
Let o(n) = 18*n**2 + 690*n - 57. Is o(49) prime?
False
Let m = -151 + 164. Is ((-3)/2)/(((-117)/7284)/m) a prime number?
False
Suppose 0 = 4*f - p - 428739, 0 = 3*f - 3*p + 4*p - 321542. Is f a prime number?
True
Let u = 13 + -9. Suppose -4*a - n = -10863, -3*a - 10868 = -7*a + u*n. Suppose 13*w - 17*w = -a. Is w prime?
False
Let a(c) = -1047*c**3 + 9*c**2 + 16*c - 59. Is a(-6) a prime number?
False
Suppose -3*i = -15, 372 = -2*p + 4*i - 48. Is (-120)/p - (20484/(-10) + -2) a composite number?
True
Let i(j) = j**3 - 75*j**2 + 1156*j + 88. Let a be i(53). Suppose 4225 = -7*f + 2*f + 2*k, 0 = f + 4*k + 823. Let q = a - f. Is q a composite number?
False
Let o(m) = 2579*m**2 + 156*m - 2076. Is o(13) prime?
False
Let d(t) = 8*t + 76. Let g be d(-9). Suppose 2*q - 5*u = -u + 39114, 0 = -3*q - g*u + 58691. Is q prime?
False
Suppose -73*g + 40372622 + 30511658 - 19440231 = 0. Is g prime?
True
Let w(v) be the second derivative of -5*v**3/6 + 13*v**2 + 7*v. Let q be w(6). Is (4*3/q)/((-1)/83) a composite number?
True
Let z(p) = 464585*p**2 - 32*p - 30. Is z(-1) prime?
True
Let d(x) = -10*x**3 - 20*x**2 + 24*x - 149. Is d(-20) prime?
False
Suppose 4*r + 16 = 0, -2*r + 4 = -4*d + 5*d. Let p = 1551 + -2693. Is d/18 + p/(-6) a composite number?
False
Suppose 9*t + 266384 = 22*t + 3*t. Is t a composite number?
False
Let a = 622672 + 455715. Is a a composite number?
False
Suppose -5*r + 2 = 2*k, -2*k + r + 6 = 4*r. Suppose -6130 = -k*d + 5276. Is d a prime number?
True
Let r(z) = -35*z + 29. Let w(k) = k**3 - 15*k**2 + 14*k - 21. Let d be w(14). Let a be r(d). Suppose -5*m + 3*u + 764 = -m, 4*m - a = 5*u. Is m a prime number?
True
Let p be 2/12 - 15/(-18). Let a(m) = 965*m**3 + 3*m**2 - 3*m. Is a(p) prime?
False
Let v = 4654 - -143968. Is v a prime number?
False
Suppose 4*a - 1 = -9, -5*d + 18 = a. Suppose 25504 = d*t + 4*t. Suppose -5*b = 1133 - t. Is b a prime number?
False
Let y = 490 + 754. Let z = y + 2521. Suppose 504 = -3*p + z. Is p prime?
True
Suppose -2799012 = -116*o + 3131256. Is o prime?
False
Let t(s) = 202 + 466 + 4*s - 44. Let b(m) = 4*m + 625. Let w(n) = 5*b(n) - 4*t(n). Is w(0) composite?
True
Suppose -138*b + 2*s = -143*b + 965665, 5*s - 193133 = -b. Is b a prime number?
True
Suppose -2*b = 2*b + 6*v - 25418, -3*b + v = -19058. Is b a prime number?
True
Let q = -9 - -12. Suppose -2*l - r = 2*r - 39, q*r = 4*l - 33. Suppose -l*g + 19595 = -3001. Is g composite?
True
Let s = -5706 - -2032. Let q = s - -6180. Suppose 0 = y - 3*y + q. Is y a composite number?
True
Let d(c) = -c**3 + 8*c**2 + 2*c - 20. Let t be d(0). Is (-1190136)/t*1 - (-1)/5 prime?
False
Suppose 5*o = 4*m - 160, 5*